- 4*b**3/3 + 10*b**2 - 3*b. Let l be a(5). Let q(y) = -5 + 1 + y - 3*y + l. Determine q(5).
-9
Suppose -9*w - 1207 = -19*w - 61*w. Let y(b) = -3*b + 53. Calculate y(w).
2
Let f(n) = 437*n + 3930. Let l be f(-9). Let v(r) = -r + 13. Give v(l).
16
Let r(x) = 14*x + 25. Suppose -27*f - 51 = -l, 2*f - 15*l - 5 = -12*l. Calculate r(f).
-3
Let a(g) = -292*g**2 - 16*g + 157. Let j(c) = -53*c**2 - 3*c + 31. Let x(n) = -2*a(n) + 11*j(n). Let p(t) = t**2 + 6*t. Let y be p(-6). What is x(y)?
27
Suppose -3*j - 4*b + 8 = 0, -69*j - 71 = -72*j + 5*b. Let w(z) = -10*z + 25. Give w(j).
-95
Let o(r) be the first derivative of -r**3/3 - r**2 + 106*r + 4062. Give o(0).
106
Let z = -122 - -125. Let h(a) = z - 3*a**2 + 4*a + 4*a**2 + 0*a**2 - 5. Determine h(-4).
-2
Let l(q) = -97*q**2 + 19*q + 12. Let v(g) = -404*g**2 + 78*g + 49. Let p(f) = 25*l(f) - 6*v(f). Give p(7).
6
Let n(r) be the second derivative of -r**4/6 - r**3/2 + r**2 - 18*r - 1. Let x be (-115)/(-690) + (-10)/(-12). Determine n(x).
-3
Let z(c) = -4*c**2 - 657*c**3 + 9*c + 325*c**3 + 331*c**3 - 9 + 5*c - 8*c**2. Determine z(-13).
-22
Let k(i) = 28*i**2 - 618*i + 47. Let b be k(22). Let g(t) be the third derivative of -3*t - 9*t**2 + 0 + 1/2*t**b + 7/24*t**4. What is g(-4)?
-25
Let a(o) = -690*o**2 - 14 - 5 + o**3 + 703*o**2 - 16*o. Let t = -2607 + 2593. Determine a(t).
9
Let s(t) = t**2 + 89*t + 493. Suppose -3*k - 54*x - 30 = -52*x, -18 = 4*k - x. What is s(k)?
-5
Let i(m) be the second derivative of -m**4/12 + 10*m**3/3 + 47*m**2/2 - 2*m - 173. Determine i(21).
26
Let y be ((-1725)/(-20125))/(8/14). Let m(l) be the third derivative of -y*l**5 + 0 + 0*l**4 - 7*l + 1/2*l**3 + 3*l**2 - 1/120*l**6. Give m(-9).
3
Let f(j) = j + 6. Let c be f(-14). Let v be (208/(-10))/c - (-2)/5. Let w(h) = -2*h + 2. Give w(v).
-4
Let l(z) = -z**3 - 7*z**2 + 2*z + 7. Let o(w) = -w**3 - 7*w**2 + 2*w + 6. Let q be (55/22)/((-1)/2). Let t(k) = q*l(k) + 6*o(k). Calculate t(-7).
-13
Let h(r) be the first derivative of 15*r**2/2 - 29*r + 3491. Give h(10).
121
Let f be 44/(-3) + 1/(12/(-28)) + 7. Let l(w) = 9*w + 86. What is l(f)?
-4
Let h(n) = -27*n**3 - n**2 + 2*n - 2. Let u(a) = 34*a - 441. Let p be u(13). What is h(p)?
-28
Let g(w) = -3*w + 70. Suppose 6*z = -34*z + 8*z + 672. Give g(z).
7
Let p be (6*1)/(-65 - -68). Let d be (-18)/(-2) - (-8 - -6). Suppose 4 = t, -p*t + d - 1 = 2*m. Let g(z) = -z**2 + 2*z - 1. Calculate g(m).
0
Let g(b) = 6*b**2 - 132*b + 7. Let j(f) = 6*f**2 + 76*f + 182. Let x be j(-10). Calculate g(x).
7
Let k(x) = -3*x**2 + 7*x + 2*x**2 + 5*x - x - 12. Let z be k(10). Let f(g) = -3*g - 4. What is f(z)?
2
Let d(z) be the first derivative of 47*z**2/2 + 3*z + 562. Determine d(1).
50
Let z(v) = -v**2 - 28*v - 189. Let a be z(-12). Let g(c) be the second derivative of -12*c + 0*c**2 + 0 + 1/2*c**a. What is g(-4)?
-12
Let p(m) be the third derivative of 3*m**4/8 - m**3/3 + 12*m**2 - 10*m. Give p(-4).
-38
Suppose -2*n + 5*y = 10, n - 16*y = -14*y - 4. Let r(z) = 3*z**2 + 12*z - 19. Let g(f) = 2*f**2 + 9*f - 17. Let h(q) = 4*g(q) - 3*r(q). Calculate h(n).
-11
Let s(l) = -l**2 - 3*l + 53. Let y be ((-30)/16 - (-51)/(-136))/((-12)/32). Give s(y).
-1
Let m(l) be the second derivative of -l**2 + l + 1/20*l**5 + 0 - 7/12*l**4 + 5/6*l**3. Let r(u) = -u**3 + 86*u**2 + 95*u - 690. Let g be r(87). Give m(g).
-8
Let j(c) = c - c + 4 + c. Suppose 274*a - 198 = -746. Calculate j(a).
2
Let g(l) = -40*l - 56 + 7 + 47*l. Determine g(8).
7
Let p(r) = -r**3 - 4*r**2 + r. Let l = -7505 + 7501. Give p(l).
-4
Let l(x) = x**3 - 5*x**2 - 6*x + 5. Suppose -272 - 13 = -15*r. Let m be 31/3 - (-4)/6. Suppose 0 = -m*j + r*j - 48. Calculate l(j).
5
Let h(f) = -f**2 + 6*f + 2. Let o be h(6). Let w(s) = s**o + 9 + s + s**3 + 0*s**2 + 3. Let u(p) = p**2 - 5*p + 6. Let c be u(3). Give w(c).
12
Let x be 0 + (-3)/6*-18. Let d(h) be the third derivative of -h**6/120 + 3*h**5/20 - h**4/24 + h**3/2 - 164*h**2 + 3*h. Calculate d(x).
-6
Let q(o) = -o**3 - 17*o**2 + o + 19. Let r be q(-17). Let p(w) = 8 - 14*w - w**r + 33*w - 16*w - 9*w. Calculate p(-6).
8
Let d(j) be the first derivative of 10/3*j**3 + 1/180*j**6 + 4 + 1/24*j**4 - 1/60*j**5 + 0*j + 0*j**2. Let l(a) be the third derivative of d(a). What is l(2)?
5
Let s = -20995 + 20992. Let y(d) = -d**3 - 13*d**2 - 36*d + 6. What is y(s)?
24
Let r = -57 - -42. Let c be (12/(-16))/(r/100). Let d(g) = g**2 - 7*g + 4. Determine d(c).
-6
Let s(t) be the third derivative of -7 + 0*t - 3*t**2 - 1/12*t**4 - 1/2*t**3 + 1/20*t**5 - 1/120*t**6. Give s(4).
-27
Let t(d) = -d**2 - 7*d + 2. Let u(x) be the first derivative of -13*x**3/3 - 3*x**2 + 46. Let y be u(-1). Determine t(y).
2
Let s = 163 + -160. Let x(z) = 2 - 2391*z**2 - 5*z + 2398*z**2 - 2*z - z**s. Let t be 45/(-10)*16/(-12). Give x(t).
-4
Let y(b) = 5*b + 87. Let g = 3037 - 3045. What is y(g)?
47
Let y(v) be the first derivative of 2*v**3/3 + 3*v**2/2 + v - 20. Suppose -5*b - 15 = 5*j, 5*j + 3*b + 3 = -2. Let t be (-6)/(-3)*(-3 + j). Give y(t).
3
Let c(t) = -1 + 2 + 58*t**2 - 31*t**2 + 4 - 28*t**2. Let z(i) = i**2 - 3*i + 2. Let x be z(2). What is c(x)?
5
Let b(w) = -4 + 5*w - w - 3*w + 5*w - w**2. Suppose -18*t - 35*t - 140 + 458 = 0. Give b(t).
-4
Suppose 15264 = 224*l + 253*l. Let t(a) be the second derivative of 0 - 1/12*a**4 + l*a + 0*a**3 + 11/2*a**2. Calculate t(0).
11
Let m(o) = -4*o - 20. Suppose 75*c = 62*c - 131*c - 288. Give m(c).
-12
Let q = 7475 - 7476. Let x(n) = 18*n + 22. Give x(q).
4
Let a(x) = 188371 - 94294 + 23*x - 94251. What is a(10)?
56
Let x(f) = -11*f - 1. Let i be x(-1). Suppose 2 = g + 1, 0 = 4*h - 2*g - i. Let y(o) = 348 - 8*o + 329 - 673. Give y(h).
-20
Let x(k) = k**2 + 4 - 4 + 9*k. Let l = -1179 - -1173. Calculate x(l).
-18
Let y = -216 + 221. Let j(f) = -6*f + 3. Let r(t) = -16*t + 7. Let n(g) = -5*j(g) + 2*r(g). What is n(y)?
-11
Let f(c) be the first derivative of 4*c**3/3 - 9*c**2/2 + 2*c - 1548. Determine f(2).
0
Let q(n) = 366*n**3 - 44*n**2 + 13*n + 53. Let o(a) = -169*a**3 + 21*a**2 - 6*a - 26. Let r(c) = -13*o(c) - 6*q(c). Determine r(6).
-88
Suppose 20*x - 55 = -155. Let d(c) be the second derivative of 1/6*c**3 + 0 + 1/20*c**5 + c - 2*c**2 + 5/12*c**4. Give d(x).
-9
Let n(j) = -j**2 + 11*j - 10. Suppose -q + 14 = g, -1 = -2*g + 2*q + 11. Let t be n(g). Let o(x) = 26 + 0*x - 32 + 6 + 24 - x. Calculate o(t).
24
Let d(a) = 2410*a**3 + 4*a**2 + a - 2. Let z be d(1). Let l(r) = -r**3 + 1208*r - 9 + 1217*r + 7*r**2 - z*r + 0*r**3. Determine l(8).
23
Let s(b) = -2 + 3*b**3 - 2*b**2 + 5*b**2 - b + 0*b**2 - 4*b. Suppose 2*p - 20 = 2*a, 0 = a + 5*p - 1594 + 1556. Determine s(a).
-4
Let i(c) be the third derivative of 0*c - 1/12*c**4 + 0 - c**3 + 201*c**2. Calculate i(-6).
6
Let a(m) be the first derivative of -26 + 0*m**3 - 1/12*m**4 + 2*m**2 + 0*m - 1/60*m**5. Let g(x) be the second derivative of a(x). Determine g(2).
-8
Let p(l) = l**2 + 18*l + 6. Let v be -5 - 24/(-6) - (-2 - -15*1). Give p(v).
-50
Let x(v) be the second derivative of -112 - 2*v + 16*v**2 - 1/12*v**4 - 1/6*v**3. Determine x(-6).
2
Let v(w) = -w - 4. Let u be (-6 - 198/(-27))*(-1374)/4. Let b = u + 451. What is v(b)?
3
Let b = 913 + -911. Let r(s) = s + 12146*s**b - 12149*s**2 + 3*s - 4. What is r(2)?
-8
Let p(b) = b**3 - 13*b**2 + 25*b - 33. Let g be p(11). Let c = -71 + 74. Let l(y) = -y + 8*y**2 - 12*y**2 - y**c + 3*y**2. What is l(g)?
0
Let g(c) = c**3 + c**2 + c - 8. Suppose -12 = -2*p - 2*q, 2*p - 3*q = 2*q - 30. Give g(p).
-8
Let s(l) = -2*l**3 - 320*l**2 + 21*l + 3369. Let v be s(-160). Let i(y) = -y**2 - 6*y + 20. Determine i(v).
-115
Let f(z) = z**3 + 5*z**2 - 6*z. Let q be f(-6). Let u(o) be the first derivative of -o**3/3 + o**2/2 - o - 247. Calculate u(q).
-1
Let g(v) be the first derivative of 3*v - 1/3*v**3 + 42 - 4*v**2. Let p be 4/(-10) - (-231)/(-35). Determine g(p).
10
Let t(k) = -k**3 + 5*k**2 - 4*k + 6. Suppose -10 = -3*h - 58. Let b be 6*8/h - -8. Give t(b).
-14
Suppose -4*g - 3*j = 44, 4*g - 4*j = 25 - 41. Let v(p) be the first derivative of -p**3/3 - 6*p**2 - 5*p - 3. Calculate v(g).
27
Let r(q) = -q**2 + 7*q - 11. Let y be r(6). Let j be -3*1 - (-5)/y. Let d(s) = -7*s**2 + s - 5. Let m(x) = x**2 - x. Let h(g) = d(g) + 6*m(g). Calculate h(j).
-1
Suppose 233 = 45*i - 197 - 65. Let k(l) = -2*l - 36. What is k(i)?
-58
Su